6 = 9*o. Let i(x) be the second derivative of x**4/12 + x**3/3 - x**2 - x. Determine i(g).
6
Let u(k) = -111*k - 4115. Let t be u(-37). Let l(q) = 12*q + 94. Determine l(t).
-2
Let a(u) be the first derivative of u**3/3 + 9*u + 68. Let g(b) = -2*b**2 - 10. Let c(d) = -3*a(d) - 2*g(d). What is c(-6)?
29
Suppose 3*f + 44 = -3*v + 8, -19 = 2*v + f. Let z(j) = -j**2 - 4*j + 18. Determine z(v).
-3
Let d(b) be the first derivative of -b**4/4 - b**3/3 + 4*b**2 + 5*b - 88. Let r(s) = s**2 - 2*s - 1. Let w(q) = -d(q) - 4*r(q). Determine w(2).
-5
Let b(q) = q**2 + 2*q + 1. Let m(r) = -4*r**2 - 16*r - 12. Let t(u) = 3*u + 14. Let i be t(-3). Let v(k) = i*b(k) + m(k). Calculate v(5).
-12
Suppose -16*m + 15*m = 5, l + 10 = -m. Let d(c) = -2*c**2 - 9*c - 11. Give d(l).
-16
Let n(z) = z**3 + 6*z**2 + 4. Let d(r) = -5*r - 168. Let y be d(16). Let m = 242 + y. Calculate n(m).
4
Suppose -224*m = -221*m + 2*r + 10, 5*m = -3*r - 15. Let f(o) = 4*o + 6 - 5*o**3 - 3*o + 4*o**3. Determine f(m).
6
Let n(l) be the first derivative of 1/4*l**4 - 43 - 9/2*l**2 - 8/3*l**3 - 13*l. What is n(9)?
-13
Let i(a) be the second derivative of a**5/20 + a**4/2 + 3*a**3/2 + 3*a**2 - 14*a. Let w be i(-4). Let t(p) = w + 11*p - 3*p - 2*p + 2*p. Give t(-2).
-14
Let f(v) = 2*v**3 - 3*v**2 + 4*v - 3. Let s(d) = -d + 52. Let j be s(16). Let c(h) = -5*h + 182. Let a be c(j). Determine f(a).
9
Let y(v) = 70*v - 82. Let c(g) = 10*g - 12. Let t(x) = 20*c(x) - 3*y(x). Determine t(3).
-24
Let v = -73 - -67. Let n(z) = -3*z**2 - 5*z - 6. Let k(o) = 3*o**2 + 4*o + 5. Suppose 0*s - 2*s - 14 = 0. Let d(w) = s*k(w) + v*n(w). Determine d(-1).
-4
Let b = 7706 + -7706. Let d(n) be the second derivative of -1/12*n**4 + b + 3*n**2 - 27*n + 0*n**3 + 1/20*n**5. Determine d(0).
6
Let r(b) = 5*b + 10. Let j(m) = -m**2 - 70*m - 205. Let p be j(-67). Calculate r(p).
-10
Let a(u) = 3*u - 4 + 0*u - 2*u. Let c be (-24886)/22 - ((-1264)/176 + 7). Let i = c - -1126. Determine a(i).
-9
Let j(m) = -m**3 - 4*m - 4. Let o(p) = -77*p - 389. Let y be o(-5). Calculate j(y).
76
Let c(t) = t**3 + 4*t**2 + t - 1. Let n(m) = -m**3 - 15*m**2 - 24*m + 27. Let s be n(-13). Let o(f) = -3*f**3 + 4*f - 5. Let w be o(s). What is c(w)?
-5
Let i be 3/2*84/18. Let n = i - 0. Let z(w) = -w**2 - 31*w - 1. Let a(l) = 6*l**2 + 147*l + 9. Let c(k) = -a(k) - 5*z(k). Calculate c(n).
3
Suppose 29*z = -j + 28*z - 25, 5*z = -25. Let o(a) = -2*a - 31. Give o(j).
9
Let w(h) = -h**2 - 21*h + 8. Let o(p) = p**2 + 20*p + 1. Let u(j) = 3*o(j) + 2*w(j). Calculate u(-15).
-26
Let r(u) = -u + 4. Suppose 4*o - 1148 = -10*o. Suppose 0 = 9*f - 46 + o. What is r(f)?
8
Let k(g) = -8*g - 3. Let h(b) = -11*b - 4. Suppose 0 = -6*f + 11 + 7. Let y(u) = f*h(u) - 4*k(u). Let o be ((-18)/15)/((-1)/5). Calculate y(o).
-6
Let p(y) = 5*y**3 + 2*y**2 - y. Let f(c) = 2*c**3 - 13*c**2 - 15*c + 57. Let o be f(7). Give p(o).
6
Let l(t) be the first derivative of 7*t**4/4 + 2*t**3/3 - 2*t - 1049. Determine l(1).
7
Let u(a) = 40*a - 3 - 4 + 2*a**2 + 0*a**2 + 0. Let p be u(-20). Let z(y) = y**3 + 6*y**2 - 6*y. Calculate z(p).
-7
Let s(f) = 9*f**2 + 3*f + 1. Let c = 107 + -105. Let i(x) = -7*x**2 - x + 7*x**c - x**2 - 1. Let v(y) = 2*i(y) + s(y). Determine v(1).
7
Let j = -145 - -151. Let a(d) = 5 + 4*d**2 - j*d + 7*d + d + d**3. Suppose -11 = -f - 15. Give a(f).
-3
Suppose 111*v + 389 + 1055 = 35*v. Let j(p) = -p**2 - 23*p - 76. What is j(v)?
0
Let f(j) be the first derivative of 3*j**2 + j - 774. Let h(w) = -3*w**2 + 1. Let t be h(-1). Determine f(t).
-11
Suppose 0 = -3*v + d + 87, -20*d + 22*d - 116 = -4*v. Let w(c) = 2*c**2 - 59*c + 27. Let j be w(v). Let h(q) = 4*q**2. What is h(j)?
16
Suppose 4*m = -0*m. Let y be (11 - 3) + m - 1. Let p = y + -10. Let a(h) = -4*h - 2. Calculate a(p).
10
Let a(d) = -d - 1. Let f(b) = 2*b**2 + b - 13. Let p(s) = 6*a(s) - f(s). Let l be p(-4). Suppose -l*h = 12 + 15. Let y(c) = -c**2 - 8*c + 9. What is y(h)?
0
Let j = -18179 - -18180. Let y(i) = 15*i - 7. Determine y(j).
8
Let l(i) = -15*i + 12. Let q(s) = -8*s + 7. Let z(a) = -3*l(a) + 5*q(a). Give z(10).
49
Let d(o) = -38*o - 24. Let z be d(-2). Suppose 62*x - z*x = 190. Let g(q) = -2*q + 37. What is g(x)?
-1
Let p(s) = -s**3 + 27*s**2 - 2*s + 39. Suppose 36 = -11*l + 333. What is p(l)?
-15
Suppose 475*h - 478*h - 5*i = -36, i + 4 = 5*h. Let z(r) = -r + 5*r**3 - 7*r**3 + 2*r**2 - 2 + 3*r. Determine z(h).
-6
Suppose -114*v - 52 - 262 - 142 = 0. Let z(j) be the second derivative of j**5/20 + j**4/3 + 5*j**3/6 + 9*j**2/2 - j. Give z(v).
-11
Let t = 62 - 56. Let r(q) be the third derivative of q**5/60 - 7*q**4/24 - q**3/3 - 3101*q**2. Give r(t).
-8
Let s = -8 + 13. Let t(d) = -4*d - 10. Let q(g) = -3*g - 6. Let o(h) = s*t(h) - 7*q(h). Calculate o(9).
1
Let y(o) = -21*o - 81. Let p be y(-4). Let s(v) = -v**3 + 7 + 0 - v**3 + v**p + 6*v**2. Let x(j) = -j**2 - 9*j - 8. Let q be x(-7). Calculate s(q).
7
Let n(l) = 618*l**2 + 1088 - 1095 + 16*l + l**3 - 639*l**2. Calculate n(20).
-87
Let j(z) = 104*z**3 + 24*z**2 + 19*z + 1. Let q(b) = 30*b**3 + 8*b**2 + 6*b. Let w(i) = 2*j(i) - 7*q(i). Calculate w(-3).
-4
Suppose -26*x - 76 - 214 = 126. Let u(j) = -8*j - 135. Give u(x).
-7
Let n(p) = -p**3 + 7*p**2 - 7*p + 8. Let q be n(6). Let d(h) = 0 + 3 - 4*h + h**3 + 3*h**q + 9*h. Suppose -3 = -3*s - 4*u, -6*s + 4*s - 2*u = 0. Give d(s).
-12
Let l(y) be the first derivative of -26 + y**2 - 34 + 8*y - y - 15. Give l(5).
17
Let x(o) be the second derivative of 5/6*o**3 - 1/12*o**4 - 13 + 9/2*o**2 + o. Determine x(7).
-5
Suppose 3*j + 6 + 9 = 0. Let o(b) = -201 + 600 - b - 194 - 204. Calculate o(j).
6
Let r(x) = -2*x**3 - x - 6*x**3 - 16*x**3 + 25*x**3 + 5 - 1 - 2*x**2. Determine r(4).
32
Let s(d) = 174*d - 105*d - 25 - 73*d. Give s(-15).
35
Suppose -v - 2*m - 266 + 251 = 0, -m = 2*v + 21. Let q(a) = 7*a + 0*a + 7*a**2 + a**3 + 3*a**2 + 0*a - 13. Give q(v).
5
Let f(t) = 25*t**2 + 44*t - 49. Let z(u) = 39*u**2 + 66*u - 74. Let l(m) = 14*f(m) - 9*z(m). Give l(21).
1
Let j(f) = -f + 19. Let t be j(18). Let q(d) = -6*d + 3. Determine q(t).
-3
Let h(a) = -1509*a + 3016*a + 16 - 1511*a. Determine h(3).
4
Let x be (-177)/(-25) - (95 - 94 - (-46)/(-50)). Let h(z) = -2*z**3 + 13*z**2 + 4*z + 4. Calculate h(x).
-17
Suppose -4*v + 3*l = -32, -4*v + 32 = 5*l - 6*l. Let o(y) = -v*y - 6 + y + 0*y + 6*y. Give o(4).
-10
Let b(a) = 46*a**2. Suppose q = -4176 + 4177. Determine b(q).
46
Let c(f) = f**2 + f - 1. Let n(m) = 15*m**2 + 15*m - 9. Let q(j) = 12*c(j) - n(j). Let d(p) = 181*p + 722. Let s be d(-4). What is q(s)?
-9
Let n(c) be the second derivative of -8*c + 1/6*c**4 + 0*c**3 - 12 + c**2. Give n(3).
20
Suppose -4*n - 2*j = -252, -5*n + 0*j + 2*j = -324. Let g = n + -57. Let v(l) = -3*l - 3 + 15*l + l**2 - g*l. Calculate v(-6).
3
Let h = 135 + -130. Let o(c) = -11 + 7 + 10*c**3 + h + 0 + c + c**2. Calculate o(-1).
-9
Let r(n) = 10*n - 140. Suppose 168*i + 213*i - 806 = 319*i. What is r(i)?
-10
Let f(q) be the third derivative of q**5/60 - 3*q**4/4 - q**3/3 - 1194*q**2 + q. What is f(14)?
-58
Let c(q) be the third derivative of 1/24*q**4 - 1/60*q**5 + 0 + 0*q**3 + 28*q + 2*q**2. Suppose 3*r - 13 = -4. What is c(r)?
-6
Let t(m) = -6*m**2 + 13*m**2 - 5*m + m**3 - 3*m - 4. Let p = 34918 + -34926. Determine t(p).
-4
Let r(x) = x + 22. Suppose m = s + 7, -9*s + 40 = -13*s - 2*m. What is r(s)?
13
Let s = -5 + 3. Let c(h) = -24403*h**3 + 12*h**2 - 10*h**2 + 24400*h**3 + 2*h + 2. Give c(s).
30
Let t(q) = 5*q**2 + q**3 + 12 - 4 - 2 - 5 + 4*q. Let l be -1*6*(-8)/(-12). Let h be t(l). Let j(g) = 14*g**3 + g**2. What is j(h)?
15
Let z(p) = -p**2 + 1. Let n(i) = 3 + 3 - 17*i + 14*i - 5. Let y(d) = d. Let w(l) = -n(l) + 3*y(l). Let x(j) = w(j) - z(j). What is x(-7)?
5
Let m = -202 + 207. Suppose 2*c = -5*s - 28, 0*c = 4*s + m*c + 19. Let u(f) = f + f - 3*f - 10. Calculate u(s).
-4
Suppose -4*i = -4*f + 9*f - 32, 5*f - 14 = 2*i. Let k(p) = -5*p + 7*p**3 - 3*p**2 - 12*p**3 - i + 6*p**3. Give k(4).
-7
Let y(l) = -91*l - 632. Let n be y(-7). Let j(f) = -5 + 2 - 7 - 17 + 4*f. Calculate j(n).
-7
Let d be 1 + -2 + (-4)/(-2). Let b(l) = 28*l**3 - l + 1 - 4*l**3 - 35*l**3. What is b(d)?
-11
Suppose 0 = -7*o + 13*o - 24. Suppose -o*g - 26 = -2*y, 0*y = -2*y - 4*g + 2. Let v(p) = 7*p**2 - 274*p**3 - 8 + 0*p**2 + p + 273*p**3. Give v(y).
-1
Le